{"id":2567,"date":"2024-02-20T15:49:13","date_gmt":"2024-02-20T14:49:13","guid":{"rendered":"https:\/\/www.informacyde.isc-vdb.fr\/?page_id=2567"},"modified":"2025-06-25T15:51:04","modified_gmt":"2025-06-25T13:51:04","slug":"la-congregation-et-le-projet-educatif","status":"publish","type":"page","link":"https:\/\/www.isc-vdb.fr\/index.php\/la-congregation-et-le-projet-educatif\/","title":{"rendered":"La Congr\u00e9gation et le projet \u00e9ducatif"},"content":{"rendered":"<p><div class=\"fusion-fullwidth fullwidth-box fusion-builder-row-1 fusion-flex-container has-pattern-background has-mask-background fusion-parallax-none hundred-percent-fullwidth non-hundred-percent-height-scrolling lazyload\" style=\"--awb-border-radius-top-left:0px;--awb-border-radius-top-right:0px;--awb-border-radius-bottom-right:0px;--awb-border-radius-bottom-left:0px;--awb-padding-top:100px;--awb-padding-bottom:100px;--awb-margin-bottom:60px;--awb-background-size:cover;--awb-flex-wrap:wrap;\" data-bg=\"https:\/\/www.informacyde.isc-vdb.fr\/wp-content\/uploads\/2024\/06\/Photo-bandeau.webp\" ><div class=\"awb-background-mask\" style=\"background-image:  url(data:image\/svg+xml;utf8,%3Csvg%20width%3D%221920%22%20height%3D%22954%22%20fill%3D%22none%22%20xmlns%3D%22http%3A%2F%2Fwww.w3.org%2F2000%2Fsvg%22%3E%3Cg%20clip-path%3D%22url%28%23prefix__prefix__clip0_77_23452%29%22%3E%3Cpath%20fill-rule%3D%22evenodd%22%20clip-rule%3D%22evenodd%22%20d%3D%22M1353%20308.5c0%20255.507-131.58%20485.45-341.45%20645.5-187.291%20142.83-436.933%20230-711.05%20230C-280.78%201184-752%20792.025-752%20308.5S-280.78-567%20300.5-567c450.743%200%20835.31%20235.692%20985.3%20567%2043.44%2095.948%2067.2%20199.916%2067.2%20308.5z%22%20fill%3D%22rgba%28255%2C255%2C255%2C1%29%22%2F%3E%3Cpath%20d%3D%22M1321.57%20538C1357.08%20287.516%201273.7%2089.91%201127-.418L1374.18-6c65.77%20100.68-15.89%20431.512-52.61%20544zM312%20955c432.242%200%20746.77-180.667%20850-271-90.34%20157.09-176.766%20246.121-208.688%20271H312z%22%20fill%3D%22rgba%28255%2C255%2C255%2C1%29%22%20fill-opacity%3D%22.25%22%2F%3E%3Cpath%20d%3D%22M1344.5%20427c0-252.4-212.67-390.833-319-428.5H1373c70%2082.4%2010.17%20320-28.5%20428.5z%22%20fill%3D%22rgba%28255%2C255%2C255%2C1%29%22%20fill-opacity%3D%22.1%22%2F%3E%3Cpath%20fill-rule%3D%22evenodd%22%20clip-rule%3D%22evenodd%22%20d%3D%22M1337%20184.5c0%20324.402-198.63%20609.049-497.356%20769.5H0V0h1285.8c-149.99-331.308-534.557-567-985.3-567C-280.78-567-752-175.025-752%20308.5c0%2040.898%203.371%2081.142%209.895%20120.549C-617.527%20811.461-207.995%201092%20278%201092c206.311%200%20398.842-50.56%20561.644-138h171.906C1221.42%20793.95%201353%20564.007%201353%20308.5c0-53.218-5.71-105.326-16.64-155.925.42%2010.596.64%2021.239.64%2031.925z%22%20fill%3D%22rgba%28255%2C255%2C255%2C1%29%22%20fill-opacity%3D%22.5%22%2F%3E%3C%2Fg%3E%3Cdefs%3E%3CclipPath%20id%3D%22prefix__prefix__clip0_77_23452%22%3E%3Cpath%20fill%3D%22rgba%28255%2C255%2C255%2C1%29%22%20d%3D%22M0%200h1920v954H0z%22%2F%3E%3C%2FclipPath%3E%3C%2Fdefs%3E%3C%2Fsvg%3E);opacity: 1 ;transform: scale(-1, 1);mix-blend-mode:soft-light;\"><\/div><div class=\"fusion-builder-row fusion-row fusion-flex-align-items-flex-start fusion-flex-content-wrap\" style=\"width:104% !important;max-width:104% !important;margin-left: calc(-4% \/ 2 );margin-right: calc(-4% \/ 2 );\"><div class=\"fusion-layout-column fusion_builder_column fusion-builder-column-0 fusion_builder_column_1_1 1_1 fusion-flex-column\" style=\"--awb-bg-size:cover;--awb-width-large:100%;--awb-margin-top-large:10px;--awb-spacing-right-large:1.92%;--awb-margin-bottom-large:10px;--awb-spacing-left-large:1.92%;--awb-width-medium:100%;--awb-order-medium:0;--awb-spacing-right-medium:1.92%;--awb-spacing-left-medium:1.92%;--awb-width-small:100%;--awb-order-small:0;--awb-spacing-right-small:1.92%;--awb-spacing-left-small:1.92%;\"><div class=\"fusion-column-wrapper fusion-column-has-shadow fusion-flex-justify-content-flex-start fusion-content-layout-column\"><div class=\"fusion-text fusion-text-1 fusion-animated\" style=\"--awb-content-alignment:center;--awb-font-size:50px;--awb-text-color:var(--awb-color1);--awb-text-font-family:&quot;Ebima gras&quot;;--awb-text-font-style:normal;--awb-text-font-weight:400;\" data-animationType=\"fadeInDown\" data-animationDuration=\"0.8\" data-animationOffset=\"top-into-view\"><p>La Congr\u00e9gation et le projet \u00e9ducatif<\/p>\n<\/div><nav class=\"fusion-breadcrumbs fusion-breadcrumbs-1 fusion-animated\" style=\"--awb-alignment:center;--awb-breadcrumb-sep:&#039;\/&#039;;text-align:center;\" aria-label=\"Breadcrumb\" data-animationType=\"fadeInDown\" data-animationDuration=\"0.8\" data-animationDelay=\"0.5\" data-animationOffset=\"top-into-view\"><ol class=\"awb-breadcrumb-list\"><li class=\"fusion-breadcrumb-item awb-breadcrumb-sep awb-home\" ><a href=\"https:\/\/www.isc-vdb.fr\" class=\"fusion-breadcrumb-link\"><span >Home<\/span><\/a><\/li><\/ol><\/nav><\/div><\/div><\/div><\/div><div class=\"fusion-fullwidth fullwidth-box fusion-builder-row-2 fusion-flex-container has-pattern-background has-mask-background nonhundred-percent-fullwidth non-hundred-percent-height-scrolling fusion-animated\" style=\"--awb-border-radius-top-left:0px;--awb-border-radius-top-right:0px;--awb-border-radius-bottom-right:0px;--awb-border-radius-bottom-left:0px;--awb-flex-wrap:wrap;\" data-animationType=\"fadeInDown\" data-animationDuration=\"1.0\" data-animationOffset=\"top-into-view\" ><div class=\"fusion-builder-row fusion-row fusion-flex-align-items-flex-start fusion-flex-content-wrap\" style=\"max-width:1248px;margin-left: calc(-4% \/ 2 );margin-right: calc(-4% \/ 2 );\"><div class=\"fusion-layout-column fusion_builder_column fusion-builder-column-1 fusion_builder_column_1_1 1_1 fusion-flex-column\" style=\"--awb-bg-size:cover;--awb-width-large:100%;--awb-margin-top-large:10px;--awb-spacing-right-large:1.92%;--awb-margin-bottom-large:10px;--awb-spacing-left-large:1.92%;--awb-width-medium:100%;--awb-order-medium:0;--awb-spacing-right-medium:1.92%;--awb-spacing-left-medium:1.92%;--awb-width-small:100%;--awb-order-small:0;--awb-spacing-right-small:1.92%;--awb-spacing-left-small:1.92%;\"><div class=\"fusion-column-wrapper fusion-column-has-shadow fusion-flex-justify-content-flex-start fusion-content-layout-column\"><div class=\"fusion-text fusion-text-2\" style=\"--awb-content-alignment:justify;\"><p>L\u2019Institution du Sacr\u00e9-C\u0153ur est un \u00e9tablissement sous tutelle de la <a href=\"https:\/\/soeursoblatesassomption.wordpress.com\/\" target=\"_blank\" rel=\"noopener\"><strong>Congr\u00e9gation des Oblates de l\u2019Assomption<\/strong><\/a>.<\/p>\n<p>Cette derni\u00e8re a \u00e9t\u00e9 fond\u00e9e en 1865 par le <strong>P\u00e8re Emmanuel d\u2019Alzon<\/strong>. Sa devise est <em>Adveniat regnum tuum<\/em> : \u00ab Que ton r\u00e8gne vienne \u00bb<\/p>\n<p>L\u2019enseignement et l\u2019\u00e9ducation sont inscrits dans les g\u00e8nes des S\u0153urs.<\/p>\n<p>D\u00e8s les origines, elles ont ouvert des \u00e9coles dans leurs missions d\u2019Orient, mettant en \u0153uvre les principes \u00e9ducatifs de leur fondateur. Tout au long de leur histoire, les Oblates ont enseign\u00e9 et dirig\u00e9 des \u00e9tablissements scolaires, en France et \u00e0 l\u2019\u00e9tranger (Afrique, Asie, Am\u00e9rique du Sud). Elles continuent encore aujourd\u2019hui, en partenariat avec de nombreux la\u00efcs.<\/p>\n<p>En France, en dehors de l\u2019ISC, quatre \u00e9tablissements sont sous tutelle des Oblates de l\u2019Assomption :<\/p>\n<ul>\n<li><a href=\"https:\/\/www.dalzon.com\/\" target=\"_blank\" rel=\"noopener\">Institut d\u2019Alzon \u00e0 N\u00eemes<\/a> (30)<\/li>\n<li><a href=\"https:\/\/lycee-bourg-chevreau.paysdelaloire.e-lyco.fr\/\" target=\"_blank\" rel=\"noopener\">Bourg Chevreau \u2013 Sainte-Anne \u00e0 Segr\u00e9<\/a> (49)<\/li>\n<li><a href=\"https:\/\/www.sainte-elisabeth.com\/\" target=\"_blank\" rel=\"noopener\">Sainte Elisabeth \u00e0 Paris XV<sup>\u00e8me<\/sup><\/a><\/li>\n<li><a href=\"https:\/\/sainteanne-dalzon.fr\/\" target=\"_blank\" rel=\"noopener\">Groupe scolaire Sainte-Anne au Bouscat et \u00e0 Saint-M\u00e9dard-en-Jalles<\/a> (33)<\/li>\n<\/ul>\n<\/div><\/div><\/div><\/div><\/div><div class=\"fusion-fullwidth fullwidth-box fusion-builder-row-3 fusion-flex-container has-pattern-background has-mask-background nonhundred-percent-fullwidth non-hundred-percent-height-scrolling\" style=\"--awb-border-radius-top-left:0px;--awb-border-radius-top-right:0px;--awb-border-radius-bottom-right:0px;--awb-border-radius-bottom-left:0px;--awb-padding-top:10px;--awb-padding-right:10px;--awb-padding-bottom:10px;--awb-padding-left:30px;--awb-margin-top:40px;--awb-margin-bottom:50px;--awb-background-color:var(--awb-custom_color_2);--awb-flex-wrap:wrap;\" ><div class=\"fusion-builder-row fusion-row fusion-flex-align-items-center fusion-flex-justify-content-center fusion-flex-content-wrap\" style=\"max-width:1248px;margin-left: calc(-4% \/ 2 );margin-right: calc(-4% \/ 2 );\"><div class=\"fusion-layout-column fusion_builder_column fusion-builder-column-2 fusion_builder_column_3_5 3_5 fusion-flex-column\" style=\"--awb-bg-size:cover;--awb-width-large:60%;--awb-margin-top-large:10px;--awb-spacing-right-large:3.2%;--awb-margin-bottom-large:10px;--awb-spacing-left-large:3.2%;--awb-width-medium:100%;--awb-order-medium:0;--awb-spacing-right-medium:1.92%;--awb-spacing-left-medium:1.92%;--awb-width-small:100%;--awb-order-small:0;--awb-spacing-right-small:1.92%;--awb-spacing-left-small:1.92%;\"><div class=\"fusion-column-wrapper fusion-column-has-shadow fusion-flex-justify-content-flex-start fusion-content-layout-column\"><div class=\"fusion-text fusion-text-3 fusion-animated\" style=\"--awb-content-alignment:justify;--awb-text-color:var(--awb-color1);\" data-animationType=\"fadeInLeft\" data-animationDuration=\"1.0\" data-animationOffset=\"top-into-view\"><p><strong>Le P\u00e8re Emmanuel d\u2019Alzon, fondateur de la congr\u00e9gation<\/strong><\/p>\n<p>Emmanuel d\u2019Alzon est n\u00e9 au Vigan (Gard) le 30 ao\u00fbt 1810. Pr\u00eatre \u00e0 Rome le 26 d\u00e9cembre 1834, il est Vicaire G\u00e9n\u00e9ral \u00e0 N\u00eemes de 1835 \u00e0 1880.<\/p>\n<p>Fondateur des Augustins de l\u2019Assomption en 1850, et des Oblates de l\u2019Assomption en 1865 avec s\u0153ur Marie Correnson, il est le cr\u00e9ateur d\u2019\u0153uvres multiples et le d\u00e9fenseur infatigable des Droits de Dieu et de l\u2019\u00c9glise. Il meurt \u00e0 N\u00eemes le 21 novembre 1880.<\/p>\n<\/div><\/div><\/div><div class=\"fusion-layout-column fusion_builder_column fusion-builder-column-3 fusion_builder_column_2_5 2_5 fusion-flex-column\" style=\"--awb-bg-size:cover;--awb-width-large:40%;--awb-margin-top-large:10px;--awb-spacing-right-large:4.8%;--awb-margin-bottom-large:10px;--awb-spacing-left-large:4.8%;--awb-width-medium:100%;--awb-order-medium:0;--awb-spacing-right-medium:1.92%;--awb-spacing-left-medium:1.92%;--awb-width-small:100%;--awb-order-small:0;--awb-spacing-right-small:1.92%;--awb-spacing-left-small:1.92%;\"><div class=\"fusion-column-wrapper fusion-column-has-shadow fusion-flex-justify-content-flex-start fusion-content-layout-column\"><div class=\"fusion-image-element \" style=\"text-align:center;--awb-max-width:300px;--awb-caption-title-font-family:var(--h2_typography-font-family);--awb-caption-title-font-weight:var(--h2_typography-font-weight);--awb-caption-title-font-style:var(--h2_typography-font-style);--awb-caption-title-size:var(--h2_typography-font-size);--awb-caption-title-transform:var(--h2_typography-text-transform);--awb-caption-title-line-height:var(--h2_typography-line-height);--awb-caption-title-letter-spacing:var(--h2_typography-letter-spacing);\"><span class=\" fusion-imageframe imageframe-none imageframe-1 hover-type-none\" style=\"border-radius:25px;\"><a href=\"https:\/\/www.informacyde.isc-vdb.fr\/wp-content\/uploads\/2024\/04\/Emmanuel_dAlzon.webp\" class=\"fusion-lightbox\" data-rel=\"iLightbox[12cf5144494e325f82c]\" data-title=\"Emmanuel_dAlzon\" title=\"Emmanuel_dAlzon\"><img decoding=\"async\" width=\"768\" height=\"967\" src=\"https:\/\/www.isc-vdb.fr\/wp-content\/uploads\/2024\/04\/Emmanuel_dAlzon.webp\" data-orig-src=\"https:\/\/www.informacyde.isc-vdb.fr\/wp-content\/uploads\/2024\/04\/Emmanuel_dAlzon.webp\" alt class=\"lazyload img-responsive wp-image-2866\" srcset=\"data:image\/svg+xml,%3Csvg%20xmlns%3D%27http%3A%2F%2Fwww.w3.org%2F2000%2Fsvg%27%20width%3D%27768%27%20height%3D%27967%27%20viewBox%3D%270%200%20768%20967%27%3E%3Crect%20width%3D%27768%27%20height%3D%27967%27%20fill-opacity%3D%220%22%2F%3E%3C%2Fsvg%3E\" data-srcset=\"https:\/\/www.isc-vdb.fr\/wp-content\/uploads\/2024\/04\/Emmanuel_dAlzon-200x252.webp 200w, https:\/\/www.isc-vdb.fr\/wp-content\/uploads\/2024\/04\/Emmanuel_dAlzon-400x504.webp 400w, https:\/\/www.isc-vdb.fr\/wp-content\/uploads\/2024\/04\/Emmanuel_dAlzon-600x755.webp 600w, https:\/\/www.isc-vdb.fr\/wp-content\/uploads\/2024\/04\/Emmanuel_dAlzon.webp 768w\" data-sizes=\"auto\" data-orig-sizes=\"(max-width: 1024px) 100vw, (max-width: 640px) 100vw, 600px\" \/><\/a><\/span><\/div><\/div><\/div><\/div><\/div><div class=\"fusion-fullwidth fullwidth-box fusion-builder-row-4 fusion-flex-container has-pattern-background has-mask-background nonhundred-percent-fullwidth non-hundred-percent-height-scrolling fusion-animated\" style=\"--awb-border-radius-top-left:0px;--awb-border-radius-top-right:0px;--awb-border-radius-bottom-right:0px;--awb-border-radius-bottom-left:0px;--awb-flex-wrap:wrap;\" data-animationType=\"fadeInUp\" data-animationDuration=\"1.0\" data-animationOffset=\"top-into-view\" ><div class=\"fusion-builder-row fusion-row fusion-flex-align-items-flex-start fusion-flex-content-wrap\" style=\"max-width:1248px;margin-left: calc(-4% \/ 2 );margin-right: calc(-4% \/ 2 );\"><div class=\"fusion-layout-column fusion_builder_column fusion-builder-column-4 fusion_builder_column_1_1 1_1 fusion-flex-column\" style=\"--awb-bg-size:cover;--awb-width-large:100%;--awb-margin-top-large:10px;--awb-spacing-right-large:1.92%;--awb-margin-bottom-large:10px;--awb-spacing-left-large:1.92%;--awb-width-medium:100%;--awb-order-medium:0;--awb-spacing-right-medium:1.92%;--awb-spacing-left-medium:1.92%;--awb-width-small:100%;--awb-order-small:0;--awb-spacing-right-small:1.92%;--awb-spacing-left-small:1.92%;\"><div class=\"fusion-column-wrapper fusion-column-has-shadow fusion-flex-justify-content-flex-start fusion-content-layout-column\"><div class=\"fusion-title title fusion-title-1 fusion-sep-none fusion-title-text fusion-title-size-two\"><h2 class=\"fusion-title-heading title-heading-left fusion-responsive-typography-calculated\" style=\"margin:0;text-transform:none;--fontSize:34;line-height:var(--awb-typography1-line-height);\">Le projet \u00e9ducatif<\/h2><\/div><div class=\"fusion-text fusion-text-4 fusion-text-no-margin\" style=\"--awb-margin-bottom:30px;\"><p>Le projet \u00e9ducatif EDUCARE de notre Congr\u00e9gation, fond\u00e9 sur la vision du P\u00e8re Emmanuel d\u2019Alzon,<strong> porte un regard optimiste sur le Jeune.<img decoding=\"async\" class=\"lazyload  wp-image-2882 alignright\" src=\"https:\/\/www.informacyde.isc-vdb.fr\/wp-content\/uploads\/2024\/05\/logo-educare.png\" data-orig-src=\"https:\/\/www.informacyde.isc-vdb.fr\/wp-content\/uploads\/2024\/05\/logo-educare.png\" alt=\"\" width=\"215\" height=\"125\" srcset=\"data:image\/svg+xml,%3Csvg%20xmlns%3D%27http%3A%2F%2Fwww.w3.org%2F2000%2Fsvg%27%20width%3D%27215%27%20height%3D%27125%27%20viewBox%3D%270%200%20215%20125%27%3E%3Crect%20width%3D%27215%27%20height%3D%27125%27%20fill-opacity%3D%220%22%2F%3E%3C%2Fsvg%3E\" data-srcset=\"https:\/\/www.isc-vdb.fr\/wp-content\/uploads\/2024\/05\/logo-educare-200x116.png 200w, https:\/\/www.isc-vdb.fr\/wp-content\/uploads\/2024\/05\/logo-educare-300x174.png 300w, https:\/\/www.isc-vdb.fr\/wp-content\/uploads\/2024\/05\/logo-educare-400x232.png 400w, https:\/\/www.isc-vdb.fr\/wp-content\/uploads\/2024\/05\/logo-educare.png 413w\" data-sizes=\"auto\" data-orig-sizes=\"(max-width: 215px) 100vw, 215px\" \/><\/strong><\/p>\n<p>\u00c0 l\u2019ISC comme dans tous les \u00e9tablissements assomptionnistes, l\u2019\u00e9ducation et l\u2019enseignement visent notamment \u00e0 :<\/p>\n<p>\u2011 <strong>former des femmes et des hommes libres<\/strong>, responsables, audacieux, imaginatifs, capables de d\u00e9velopper leurs potentialit\u00e9s ;<\/p>\n<p>\u2011 <strong>porter un regard chr\u00e9tien sur le monde <\/strong>; conna\u00eetre celui\u2011ci et l\u2019aimer en s\u2019ouvrant \u00e0 l\u2019internationalit\u00e9 ;<\/p>\n<p>\u2011 <strong>vivre l\u2019esprit de famille <\/strong>caract\u00e9ris\u00e9 par l\u2019amour, la confiance, la bienveillance, la simplicit\u00e9 et la v\u00e9rit\u00e9 dans les relations ce qui implique de porter attention \u00e0 chaque personne.<\/p>\n<p>Nous refusons l\u2019uniformit\u00e9. <strong>Nous prenons chaque jeune dans ses diff\u00e9rences <\/strong>et nous l\u2019amenons \u00e0 se d\u00e9velopper intellectuellement, humainement et \u00e9motionnellement. Le P\u00e8re d\u2019Alzon nous enseigne \u00e0 laisser \u00ab aux jeunes une certaine libert\u00e9 de d\u00e9veloppement \u00bb, \u00e0 ne pas les \u00e9craser \u00ab sous une forme identique \u00bb.<\/p>\n<p><strong>Il n\u2019y a pas de s\u00e9paration entres les apprentissages et l\u2019\u00e9ducation. <\/strong>Les diverses disciplines enseign\u00e9es ne pr\u00e9sentent pas seulement des savoirs \u00e0 acqu\u00e9rir, mais aussi des valeurs \u00e0 assimiler et des v\u00e9rit\u00e9s \u00e0 d\u00e9couvrir.<\/p>\n<p>Enseigner et \u00e9duquer \u00e0 l\u2019Assomption, c\u2019est <strong>\u00eatre attentif \u00e0 ce qui est sp\u00e9cial en chaque jeune <\/strong>; identifier ce qui est bon en vue de le d\u00e9velopper, et fa\u00e7onner le caract\u00e8re en vue de donner \u00e0 chacune et chacun un certain cachet, tout en respectant son individualit\u00e9.<\/p>\n<p><strong>Nous invitons nos jeunes \u00e0 s\u2019engager <\/strong>et \u00e0 servir, quelles que soient les t\u00e2ches qu\u2019ils auront \u00e0 assumer dans la soci\u00e9t\u00e9. Nous les sensibilisons au sens du bien commun, aux enjeux politiques et \u00e9cologiques de notre temps.<\/p>\n<p>Quelle que soit notre place dans l\u2019\u00e9tablissement, nous sommes tous engag\u00e9s dans un m\u00eame projet qui est de <strong>\u00ab mener chaque \u00e9l\u00e8ve \u00e0 son propre niveau d\u2019excellence \u00bb<\/strong>.<\/p>\n<p>Telle est la mission difficile mais passionnante que nous a l\u00e9gu\u00e9e le P\u00e8re Emmanuel d\u2019Alzon.<\/p>\n<\/div><div style=\"text-align:center;\"><a class=\"fusion-button button-flat fusion-button-default-size button-custom fusion-button-default button-1 fusion-button-span-no fusion-button-default-type\" style=\"--button_accent_color:var(--awb-color1);--button_accent_hover_color:var(--awb-color1);--button_border_hover_color:var(--awb-color1);--button_gradient_top_color:var(--awb-custom_color_2);--button_gradient_bottom_color:var(--awb-custom_color_2);--button_gradient_top_color_hover:var(--awb-color6);--button_gradient_bottom_color_hover:var(--awb-color6);\" target=\"_blank\" rel=\"noopener noreferrer\" href=\"\/index.php\/educare\/\"><span class=\"fusion-button-text awb-button__text awb-button__text--default\">Pr\u00e9sentation de EDUCARE<\/span><\/a><\/div><\/div><\/div><\/div><\/div><div class=\"fusion-fullwidth fullwidth-box fusion-builder-row-5 fusion-flex-container has-pattern-background has-mask-background nonhundred-percent-fullwidth non-hundred-percent-height-scrolling\" style=\"--awb-border-radius-top-left:0px;--awb-border-radius-top-right:0px;--awb-border-radius-bottom-right:0px;--awb-border-radius-bottom-left:0px;--awb-margin-top:50px;--awb-flex-wrap:wrap;\" ><div class=\"fusion-builder-row fusion-row fusion-flex-align-items-flex-start fusion-flex-content-wrap\" style=\"max-width:1248px;margin-left: calc(-4% \/ 2 );margin-right: calc(-4% \/ 2 );\"><div class=\"fusion-layout-column fusion_builder_column fusion-builder-column-5 fusion_builder_column_1_1 1_1 fusion-flex-column\" style=\"--awb-bg-size:cover;--awb-width-large:100%;--awb-margin-top-large:10px;--awb-spacing-right-large:1.92%;--awb-margin-bottom-large:10px;--awb-spacing-left-large:1.92%;--awb-width-medium:100%;--awb-order-medium:0;--awb-spacing-right-medium:1.92%;--awb-spacing-left-medium:1.92%;--awb-width-small:100%;--awb-order-small:0;--awb-spacing-right-small:1.92%;--awb-spacing-left-small:1.92%;\"><div class=\"fusion-column-wrapper fusion-column-has-shadow fusion-flex-justify-content-flex-start fusion-content-layout-column\"><div class=\"fusion-text fusion-text-5 fusion-animated\" style=\"--awb-content-alignment:justify;\" data-animationType=\"fadeInUp\" data-animationDuration=\"1.0\" data-animationOffset=\"top-into-view\"><p><strong><em>\u00ab L\u2019\u00e9ducation est l\u2019arme la plus puissante que vous pouvez utiliser pour changer le monde \u00bb <\/em><\/strong><em>disait Nelson Mandela. Dans ce monde marqu\u00e9 par les guerres, la peur de l\u2019autre et la division, l\u2019investissement dans l\u2019\u00e9ducation est plus que jamais n\u00e9cessaire pour le rendre plus humain. <\/em><\/p>\n<p><em>C\u2019est pourquoi les Oblates de l\u2019Assomption s\u2019engagent \u00e0 vos c\u00f4t\u00e9s pour <strong>faire grandir les filles et les gar\u00e7ons de notre temps int\u00e9gralement<\/strong>, pour favoriser leur croissance humaine et spirituelle dans nos institutions, orphelinats, foyers\u2026 <\/em><\/p>\n<p><em>En communaut\u00e9 \u00e9ducative, nous souhaitons mettre en \u0153uvre dans nos \u00e9tablissements le \u00ab Pacte \u00e9ducatif mondial \u00bb propos\u00e9 par le Pape Fran\u00e7ois, avec ses sept axes, qui rentrent en parfaite r\u00e9sonnance avec les intuitions de notre fondateur, le P\u00e8re Emmanuel d\u2019Alzon : <\/em><\/p>\n<ol>\n<li><em> Mettre la personne au centre <\/em><\/li>\n<li><em> \u00c9couter les jeunes g\u00e9n\u00e9rations <\/em><\/li>\n<li><em> Promouvoir la femme <\/em><\/li>\n<li><em> Responsabiliser la famille <\/em><\/li>\n<li><em> Ouvrir \u00e0 l\u2019accueil <\/em><\/li>\n<li><em> Renouveler l\u2019\u00e9conomie et la politique, dans la perspective d\u2019une \u00e9cologie int\u00e9grale. <\/em><\/li>\n<li><em> Prendre soin de la \u00ab maison commune \u00bb dans l\u2019esprit de \u00ab Laudato si \u00bb. <\/em><\/li>\n<\/ol>\n<p><em>Nous souhaitons tout particuli\u00e8rement <strong>donner aux jeunes l\u2019exigence de la v\u00e9rit\u00e9 et le sens de la nuance, <\/strong>leur permettre de d\u00e9velopper toutes leurs capacit\u00e9s : intelligence, corps, c\u0153ur, esprit ; les <strong>\u00e9duquer \u00e0 la libert\u00e9 <\/strong>et \u00e0 <strong>l\u2019attention aux plus vuln\u00e9rables<\/strong>. <\/em><\/p>\n<p><em>Nous sommes fi\u00e8res de nos \u00e9ducateurs et de nos professeurs, qui font briller haut le flambeau de la connaissance et des valeurs chr\u00e9tiennes, \u00e0 l\u2019image de nos athl\u00e8tes portant la flamme olympique ! Fi\u00e8res de leur engagement et de leur courage, en ces temps o\u00f9 transmettre le savoir peut les exposer, parfois au p\u00e9ril de leur vie. <\/em><\/p>\n<p><em>Nous sommes fi\u00e8res de vous, parents, qui souhaitez le meilleur pour vos enfants et osez poser des limites et des <strong>rep\u00e8res \u00e9ducatifs<\/strong>, dans une soci\u00e9t\u00e9 qui en manque cruellement. <\/em><\/p>\n<p><strong><em>\u00a0\u00ab Il faut joindre \u00e0 cet amour de la science que l\u2019on enseigne, l\u2019amour des \u00e2mes \u00e0 qui on enseigne. \u00bb disait Emmanuel d\u2019Alzon. <\/em><\/strong><\/p>\n<p><em>Chers amis, enseignons et \u00e9duquons \u00e0 l\u2019image du Christ : avec beaucoup d\u2019amour ! <\/em><\/p>\n<p><em>Je vous remercie pour votre confiance. <\/em><\/p>\n<p style=\"text-align: right;\">S\u0153ur Zo\u00e9 VANDERMERSCH,<br \/>\nSup\u00e9rieure G\u00e9n\u00e9rale des Oblates de l\u2019Assomption<\/p>\n<\/div><\/div><\/div><\/div><\/div><\/p>\n","protected":false},"excerpt":{"rendered":"","protected":false},"author":1,"featured_media":0,"parent":0,"menu_order":0,"comment_status":"closed","ping_status":"closed","template":"100-width.php","meta":{"footnotes":""},"class_list":["post-2567","page","type-page","status-publish","hentry"],"_links":{"self":[{"href":"https:\/\/www.isc-vdb.fr\/index.php\/wp-json\/wp\/v2\/pages\/2567","targetHints":{"allow":["GET"]}}],"collection":[{"href":"https:\/\/www.isc-vdb.fr\/index.php\/wp-json\/wp\/v2\/pages"}],"about":[{"href":"https:\/\/www.isc-vdb.fr\/index.php\/wp-json\/wp\/v2\/types\/page"}],"author":[{"embeddable":true,"href":"https:\/\/www.isc-vdb.fr\/index.php\/wp-json\/wp\/v2\/users\/1"}],"replies":[{"embeddable":true,"href":"https:\/\/www.isc-vdb.fr\/index.php\/wp-json\/wp\/v2\/comments?post=2567"}],"version-history":[{"count":0,"href":"https:\/\/www.isc-vdb.fr\/index.php\/wp-json\/wp\/v2\/pages\/2567\/revisions"}],"wp:attachment":[{"href":"https:\/\/www.isc-vdb.fr\/index.php\/wp-json\/wp\/v2\/media?parent=2567"}],"curies":[{"name":"wp","href":"https:\/\/api.w.org\/{rel}","templated":true}]}}