{"id":3,"date":"2024-01-26T15:07:45","date_gmt":"2024-01-26T14:07:45","guid":{"rendered":"http:\/\/www.informacyde.isc-vdb.fr\/?page_id=3"},"modified":"2024-08-23T14:28:40","modified_gmt":"2024-08-23T12:28:40","slug":"politique-de-confidentialite","status":"publish","type":"page","link":"https:\/\/www.isc-vdb.fr\/index.php\/politique-de-confidentialite\/","title":{"rendered":"Politique de confidentialit\u00e9"},"content":{"rendered":"<p><div class=\"fusion-fullwidth fullwidth-box fusion-builder-row-1 fusion-flex-container has-pattern-background has-mask-background fusion-parallax-none hundred-percent-fullwidth non-hundred-percent-height-scrolling lazyload\" style=\"--awb-border-radius-top-left:0px;--awb-border-radius-top-right:0px;--awb-border-radius-bottom-right:0px;--awb-border-radius-bottom-left:0px;--awb-padding-top:100px;--awb-padding-bottom:100px;--awb-margin-bottom:60px;--awb-background-size:cover;--awb-flex-wrap:wrap;\" data-bg=\"https:\/\/www.informacyde.isc-vdb.fr\/wp-content\/uploads\/2024\/08\/31-2.jpg\" ><div class=\"awb-background-mask\" style=\"background-image:  url(data:image\/svg+xml;utf8,%3Csvg%20width%3D%221920%22%20height%3D%22954%22%20fill%3D%22none%22%20xmlns%3D%22http%3A%2F%2Fwww.w3.org%2F2000%2Fsvg%22%3E%3Cg%20clip-path%3D%22url%28%23prefix__prefix__clip0_77_23452%29%22%3E%3Cpath%20fill-rule%3D%22evenodd%22%20clip-rule%3D%22evenodd%22%20d%3D%22M1353%20308.5c0%20255.507-131.58%20485.45-341.45%20645.5-187.291%20142.83-436.933%20230-711.05%20230C-280.78%201184-752%20792.025-752%20308.5S-280.78-567%20300.5-567c450.743%200%20835.31%20235.692%20985.3%20567%2043.44%2095.948%2067.2%20199.916%2067.2%20308.5z%22%20fill%3D%22rgba%28255%2C255%2C255%2C1%29%22%2F%3E%3Cpath%20d%3D%22M1321.57%20538C1357.08%20287.516%201273.7%2089.91%201127-.418L1374.18-6c65.77%20100.68-15.89%20431.512-52.61%20544zM312%20955c432.242%200%20746.77-180.667%20850-271-90.34%20157.09-176.766%20246.121-208.688%20271H312z%22%20fill%3D%22rgba%28255%2C255%2C255%2C1%29%22%20fill-opacity%3D%22.25%22%2F%3E%3Cpath%20d%3D%22M1344.5%20427c0-252.4-212.67-390.833-319-428.5H1373c70%2082.4%2010.17%20320-28.5%20428.5z%22%20fill%3D%22rgba%28255%2C255%2C255%2C1%29%22%20fill-opacity%3D%22.1%22%2F%3E%3Cpath%20fill-rule%3D%22evenodd%22%20clip-rule%3D%22evenodd%22%20d%3D%22M1337%20184.5c0%20324.402-198.63%20609.049-497.356%20769.5H0V0h1285.8c-149.99-331.308-534.557-567-985.3-567C-280.78-567-752-175.025-752%20308.5c0%2040.898%203.371%2081.142%209.895%20120.549C-617.527%20811.461-207.995%201092%20278%201092c206.311%200%20398.842-50.56%20561.644-138h171.906C1221.42%20793.95%201353%20564.007%201353%20308.5c0-53.218-5.71-105.326-16.64-155.925.42%2010.596.64%2021.239.64%2031.925z%22%20fill%3D%22rgba%28255%2C255%2C255%2C1%29%22%20fill-opacity%3D%22.5%22%2F%3E%3C%2Fg%3E%3Cdefs%3E%3CclipPath%20id%3D%22prefix__prefix__clip0_77_23452%22%3E%3Cpath%20fill%3D%22rgba%28255%2C255%2C255%2C1%29%22%20d%3D%22M0%200h1920v954H0z%22%2F%3E%3C%2FclipPath%3E%3C%2Fdefs%3E%3C%2Fsvg%3E);opacity: 1 ;transform: scale(-1, 1);mix-blend-mode:soft-light;\"><\/div><div class=\"fusion-builder-row fusion-row fusion-flex-align-items-flex-start fusion-flex-content-wrap\" style=\"width:104% !important;max-width:104% !important;margin-left: calc(-4% \/ 2 );margin-right: calc(-4% \/ 2 );\"><div class=\"fusion-layout-column fusion_builder_column fusion-builder-column-0 fusion_builder_column_1_1 1_1 fusion-flex-column\" style=\"--awb-bg-size:cover;--awb-width-large:100%;--awb-margin-top-large:10px;--awb-spacing-right-large:1.92%;--awb-margin-bottom-large:10px;--awb-spacing-left-large:1.92%;--awb-width-medium:100%;--awb-order-medium:0;--awb-spacing-right-medium:1.92%;--awb-spacing-left-medium:1.92%;--awb-width-small:100%;--awb-order-small:0;--awb-spacing-right-small:1.92%;--awb-spacing-left-small:1.92%;\"><div class=\"fusion-column-wrapper fusion-column-has-shadow fusion-flex-justify-content-flex-start fusion-content-layout-column\"><div class=\"fusion-text fusion-text-1 fusion-animated\" style=\"--awb-content-alignment:center;--awb-font-size:50px;--awb-text-color:var(--awb-color1);--awb-text-font-family:&quot;Ebima gras&quot;;--awb-text-font-style:normal;--awb-text-font-weight:400;\" data-animationType=\"fadeInDown\" data-animationDuration=\"0.8\" data-animationOffset=\"top-into-view\"><p>Politique de confidentialit\u00e9<\/p>\n<\/div><nav class=\"fusion-breadcrumbs fusion-breadcrumbs-1 fusion-animated\" style=\"--awb-alignment:center;--awb-breadcrumb-sep:&#039;\/&#039;;text-align:center;\" aria-label=\"Breadcrumb\" data-animationType=\"fadeInDown\" data-animationDuration=\"0.8\" data-animationDelay=\"0.5\" data-animationOffset=\"top-into-view\"><ol class=\"awb-breadcrumb-list\"><li class=\"fusion-breadcrumb-item awb-breadcrumb-sep awb-home\" ><a href=\"https:\/\/www.isc-vdb.fr\" class=\"fusion-breadcrumb-link\"><span >Home<\/span><\/a><\/li><\/ol><\/nav><\/div><\/div><\/div><\/div><div class=\"fusion-fullwidth fullwidth-box fusion-builder-row-2 fusion-flex-container nonhundred-percent-fullwidth non-hundred-percent-height-scrolling\" style=\"--awb-border-radius-top-left:0px;--awb-border-radius-top-right:0px;--awb-border-radius-bottom-right:0px;--awb-border-radius-bottom-left:0px;--awb-flex-wrap:wrap;\" ><div class=\"fusion-builder-row fusion-row fusion-flex-align-items-flex-start fusion-flex-content-wrap\" style=\"max-width:1248px;margin-left: calc(-4% \/ 2 );margin-right: calc(-4% \/ 2 );\"><div class=\"fusion-layout-column fusion_builder_column fusion-builder-column-1 fusion_builder_column_1_1 1_1 fusion-flex-column\" style=\"--awb-bg-blend:overlay;--awb-bg-size:cover;--awb-width-large:100%;--awb-margin-top-large:0px;--awb-spacing-right-large:1.92%;--awb-margin-bottom-large:0px;--awb-spacing-left-large:1.92%;--awb-width-medium:100%;--awb-spacing-right-medium:1.92%;--awb-spacing-left-medium:1.92%;--awb-width-small:100%;--awb-spacing-right-small:1.92%;--awb-spacing-left-small:1.92%;\"><div class=\"fusion-column-wrapper fusion-flex-justify-content-flex-start fusion-content-layout-column\"><div class=\"fusion-text fusion-text-2\" style=\"--awb-content-alignment:justify;\"><\/p>\n<p>L&rsquo;Institution du Sacr\u00e9-C\u0153ur s&rsquo;engage \u00e0 respecter le R\u00e8glement G\u00e9n\u00e9ral sur la Protection des Donn\u00e9es (RGPD) afin d&rsquo;assurer une protection optimale des donn\u00e9es personnelles des individus. Dans cette optique, la Direction de l&rsquo;Institution a d\u00e9sign\u00e9 un D\u00e9l\u00e9gu\u00e9 \u00e0 la Protection des Donn\u00e9es.<\/p>\n<p><strong>Confidentialit\u00e9 des Donn\u00e9es<\/strong><\/p>\n<p>Vos donn\u00e9es personnelles sont trait\u00e9es de mani\u00e8re confidentielle et ne seront en aucun cas \u00a0vendues, \u00e9chang\u00e9es ou lou\u00e9es \u00e0 des tiers. Nous pouvons partager des informations agr\u00e9g\u00e9es et non personnelles avec des tiers pour des analyses statistiques ou d&rsquo;autres usages l\u00e9gitimes.<\/p>\n<p><strong>S\u00e9curit\u00e9 des Donn\u00e9es<\/strong><strong>\u00a0<\/strong><\/p>\n<p>Nous prenons des mesures de s\u00e9curit\u00e9 raisonnables pour prot\u00e9ger les informations personnelles des utilisateurs contre tout acc\u00e8s non autoris\u00e9, alt\u00e9ration, divulgation ou destruction.<\/p>\n<p><strong>Liens Externes<\/strong><\/p>\n<p>Notre site web peut contenir des liens vers d&rsquo;autres sites web. Nous ne sommes pas responsables du contenu ou des pratiques de confidentialit\u00e9 de ces sites tiers. Nous encourageons les utilisateurs \u00e0 \u00eatre conscients lorsqu&rsquo;ils quittent notre site et \u00e0 lire les d\u00e9clarations de confidentialit\u00e9 de chaque site web qu&rsquo;ils visitent.<\/p>\n<p><strong>Consentement<\/strong><\/p>\n<p>En utilisant notre site web, vous consentez \u00e0 notre politique de confidentialit\u00e9 et acceptez ses conditions.<\/p>\n<p><strong>Cookies et Technologies de Suivi<\/strong><\/p>\n<p>Notre site web utilise des cookies pour am\u00e9liorer l&rsquo;exp\u00e9rience de navigation des utilisateurs. Les cookies sont de petits fichiers texte plac\u00e9s sur l&rsquo;ordinateur des utilisateurs par leur navigateur web pour enregistrer leurs pr\u00e9f\u00e9rences et suivre leur utilisation du site.<\/p>\n<p>Les utilisateurs peuvent choisir de configurer leur navigateur pour refuser les cookies ou pour \u00eatre avertis lorsqu&rsquo;un cookie est envoy\u00e9. Cependant, certaines parties du site peuvent ne pas fonctionner correctement sans l&rsquo;utilisation de cookies.<\/p>\n<p><strong>Droits des Utilisateurs<\/strong><\/p>\n<p>Conform\u00e9ment au RGPD, les utilisateurs disposent des droits suivants sur leurs donn\u00e9es personnelles : droit d&rsquo;acc\u00e8s, de rectification, de modification et de suppression. Pour exercer ces droits, veuillez contacter notre D\u00e9l\u00e9gu\u00e9 \u00e0 la Protection des Donn\u00e9es \u00e0 l&rsquo;adresse suivante :<\/p>\n<p>Adresse postale : 2 rue du Gaizon, 91620 La Ville du Bois, France<\/p>\n<p>Adresse \u00e9lectronique : rgpd@isc-vdb.fr<\/p>\n<p>Pour en savoir plus sur vos droits en mati\u00e8re de protection des donn\u00e9es, veuillez consulter le site de la CNIL : [Les droits pour ma\u00eetriser vos donn\u00e9es personnelles](https:\/\/www.cnil.fr\/fr\/les-droits-pour-maitriser-vos-donnees-personnelles)<\/p>\n<p><strong>Propri\u00e9t\u00e9 Intellectuelle<\/strong><\/p>\n<p>Tous les contenus pr\u00e9sents sur ce site, y compris, mais sans s&rsquo;y limiter, les graphismes, images, textes, vid\u00e9os, animations, sons, logos, gifs et ic\u00f4nes, ainsi que leur mise en forme, sont la propri\u00e9t\u00e9 exclusive de l&rsquo;Institution du Sacr\u00e9-C\u0153ur, \u00e0 l&rsquo;exception des marques, logos ou contenus appartenant \u00e0 des tiers.<\/p>\n<p>La reproduction, la distribution, la modification, l&rsquo;adaptation, la retransmission ou la publication, m\u00eame partielle, de ces \u00e9l\u00e9ments est strictement interdite sans l&rsquo;accord \u00e9crit pr\u00e9alable de l&rsquo;Institution du Sacr\u00e9-C\u0153ur. Tout manquement \u00e0 cette interdiction constitue une contrefa\u00e7on, sanctionn\u00e9e par les articles L.3335-2 et suivants du Code de la propri\u00e9t\u00e9 intellectuelle, pouvant engager la responsabilit\u00e9 civile et p\u00e9nale du contrevenant.<\/p>\n<p>L&rsquo;Institution du Sacr\u00e9-C\u0153ur d\u00e9tient \u00e9galement les droits des producteurs de bases de donn\u00e9es d\u00e9finis par le Livre III, Titre IV, du Code de la Propri\u00e9t\u00e9 Intellectuelle (loi n\u00b0 98-536 du 1er juillet 1998) relative aux droits d&rsquo;auteur et aux bases de donn\u00e9es.<\/p>\n<p>Les utilisateurs et visiteurs du site peuvent \u00e9tablir un lien hypertexte vers ce site, uniquement vers la page d&rsquo;accueil accessible \u00e0 l&rsquo;URL suivante : [https:\/\/www.isc-vdb.fr\/](https:\/\/www.isc-vdb.fr\/), \u00e0 condition que ce lien s&rsquo;ouvre dans une nouvelle fen\u00eatre. Tout autre type de lien, y compris vers des pages sp\u00e9cifiques du site (\u00ab lien profond \u00bb) ou l&rsquo;ouverture du site dans un cadre (\u00ab framing \u00bb), n\u00e9cessite une autorisation expresse et pr\u00e9alable de l&rsquo;Institution du Sacr\u00e9-C\u0153ur.<\/p>\n<p>Nous nous r\u00e9servons le droit de modifier cette politique de confidentialit\u00e9 \u00e0 tout moment. Les modifications seront publi\u00e9es sur cette page.<\/p>\n<p>Pour toute demande d&rsquo;autorisation ou d&rsquo;information, veuillez nous contacter par email : contact@isc-vdb.fr.<\/p><\/p>\n<\/div><\/div><\/div><\/div><\/div><\/p>","protected":false},"excerpt":{"rendered":"","protected":false},"author":1,"featured_media":0,"parent":0,"menu_order":0,"comment_status":"closed","ping_status":"open","template":"100-width.php","meta":{"footnotes":""},"class_list":["post-3","page","type-page","status-publish","hentry"],"_links":{"self":[{"href":"https:\/\/www.isc-vdb.fr\/index.php\/wp-json\/wp\/v2\/pages\/3","targetHints":{"allow":["GET"]}}],"collection":[{"href":"https:\/\/www.isc-vdb.fr\/index.php\/wp-json\/wp\/v2\/pages"}],"about":[{"href":"https:\/\/www.isc-vdb.fr\/index.php\/wp-json\/wp\/v2\/types\/page"}],"author":[{"embeddable":true,"href":"https:\/\/www.isc-vdb.fr\/index.php\/wp-json\/wp\/v2\/users\/1"}],"replies":[{"embeddable":true,"href":"https:\/\/www.isc-vdb.fr\/index.php\/wp-json\/wp\/v2\/comments?post=3"}],"version-history":[{"count":0,"href":"https:\/\/www.isc-vdb.fr\/index.php\/wp-json\/wp\/v2\/pages\/3\/revisions"}],"wp:attachment":[{"href":"https:\/\/www.isc-vdb.fr\/index.php\/wp-json\/wp\/v2\/media?parent=3"}],"curies":[{"name":"wp","href":"https:\/\/api.w.org\/{rel}","templated":true}]}}