{"id":4026,"date":"2024-09-13T11:07:55","date_gmt":"2024-09-13T09:07:55","guid":{"rendered":"https:\/\/www.isc-vdb.fr\/?post_type=tribe_events&#038;p=4026"},"modified":"2024-09-16T08:53:50","modified_gmt":"2024-09-16T06:53:50","slug":"journee-pedagogique-etablissement-ferme","status":"publish","type":"tribe_events","link":"https:\/\/www.isc-vdb.fr\/index.php\/event\/journee-pedagogique-etablissement-ferme\/","title":{"rendered":"Journ\u00e9e P\u00e9dagogique &#8211; PAS DE COURS CE JOUR"},"content":{"rendered":"<p>Le <span style=\"color: #ff0000;\">24 septembre prochain<\/span>, l&rsquo;<strong>Institution du Sacr\u00e9-C\u0153ur<\/strong> organisera une <strong>journ\u00e9e p\u00e9dagogique<\/strong> d\u00e9di\u00e9e \u00e0 l&rsquo;ensemble de son personnel enseignant.<br \/>\nCette journ\u00e9e, visant \u00e0 renforcer la coh\u00e9sion et \u00e0 perfectionner les pratiques p\u00e9dagogiques, en cons\u00e9quence, <strong>aucun \u00e9l\u00e8ve ne pourra \u00eatre accueilli<\/strong> ce jour-l\u00e0.<\/p>\n<p>Nous vous remercions de votre compr\u00e9hension et de votre coop\u00e9ration.<\/p>\n","protected":false},"excerpt":{"rendered":"<p>Le 24 septembre prochain, l&rsquo;Institution du Sacr\u00e9-C\u0153ur organisera une journ\u00e9e p\u00e9dagogique d\u00e9di\u00e9e \u00e0 l&rsquo;ensemble de son personnel enseignant. Cette journ\u00e9e, visant \u00e0 renforcer la coh\u00e9sion et \u00e0 perfectionner les pratiques p\u00e9dagogiques, en cons\u00e9quence, aucun \u00e9l\u00e8ve ne pourra \u00eatre accueilli ce jour-l\u00e0. Nous vous remercions de votre compr\u00e9hension et de votre coop\u00e9ration.<\/p>\n","protected":false},"author":11,"featured_media":3893,"template":"","meta":{"_tribe_events_status":"","_tribe_events_status_reason":"","footnotes":""},"tags":[],"tribe_events_cat":[28],"class_list":["post-4026","tribe_events","type-tribe_events","status-publish","has-post-thumbnail","hentry","tribe_events_cat-evenements","cat_evenements"],"_links":{"self":[{"href":"https:\/\/www.isc-vdb.fr\/index.php\/wp-json\/wp\/v2\/tribe_events\/4026","targetHints":{"allow":["GET"]}}],"collection":[{"href":"https:\/\/www.isc-vdb.fr\/index.php\/wp-json\/wp\/v2\/tribe_events"}],"about":[{"href":"https:\/\/www.isc-vdb.fr\/index.php\/wp-json\/wp\/v2\/types\/tribe_events"}],"author":[{"embeddable":true,"href":"https:\/\/www.isc-vdb.fr\/index.php\/wp-json\/wp\/v2\/users\/11"}],"version-history":[{"count":0,"href":"https:\/\/www.isc-vdb.fr\/index.php\/wp-json\/wp\/v2\/tribe_events\/4026\/revisions"}],"wp:featuredmedia":[{"embeddable":true,"href":"https:\/\/www.isc-vdb.fr\/index.php\/wp-json\/wp\/v2\/media\/3893"}],"wp:attachment":[{"href":"https:\/\/www.isc-vdb.fr\/index.php\/wp-json\/wp\/v2\/media?parent=4026"}],"wp:term":[{"taxonomy":"post_tag","embeddable":true,"href":"https:\/\/www.isc-vdb.fr\/index.php\/wp-json\/wp\/v2\/tags?post=4026"},{"taxonomy":"tribe_events_cat","embeddable":true,"href":"https:\/\/www.isc-vdb.fr\/index.php\/wp-json\/wp\/v2\/tribe_events_cat?post=4026"}],"curies":[{"name":"wp","href":"https:\/\/api.w.org\/{rel}","templated":true}]}}

Journée Pédagogique &#8211; PAS DE COURS CE JOUR

<p>Le <span style="color: #ff0000;">24 septembre prochain</span>, l&rsquo;<strong>Institution du Sacré-Cœur</strong> organisera une <strong>journée pédagogique</strong> dédiée à l&rsquo;ensemble de son personnel enseignant.<br />
Cette journée, visant à renforcer la cohésion et à perfectionner les pratiques pédagogiques, en conséquence, <strong>aucun élève ne pourra être accueilli</strong> ce jour-là.</p>
<p>Nous vous remercions de votre compréhension et de votre coopération.</p>

<p>Le 24 septembre prochain, l&rsquo;Institution du Sacré-Cœur organisera une journée pédagogique dédiée à l&rsquo;ensemble de son personnel enseignant. Cette journée, visant à renforcer la cohésion et à perfectionner les pratiques pédagogiques, en conséquence, aucun élève ne pourra être accueilli ce jour-là. Nous vous remercions de votre compréhension et de votre coopération.</p>
